ndreds digit of 16828?
8
What is the hundreds digit of 1106?
1
What is the thousands digit of 20207?
0
What is the tens digit of 1137?
3
What is the units digit of 4620?
0
What is the hundreds digit of 1289?
2
What is the units digit of 1399?
9
What is the units digit of 6620?
0
What is the units digit of 2097?
7
What is the hundreds digit of 1992?
9
What is the hundreds digit of 245?
2
What is the tens digit of 594?
9
What is the tens digit of 276?
7
What is the thousands digit of 1275?
1
What is the hundreds digit of 30129?
1
What is the tens digit of 975?
7
What is the units digit of 12312?
2
What is the units digit of 8840?
0
What is the thousands digit of 17648?
7
What is the thousands digit of 47995?
7
What is the tens digit of 264?
6
What is the tens digit of 15287?
8
What is the hundreds digit of 20096?
0
What is the ten thousands digit of 27308?
2
What is the units digit of 49181?
1
What is the units digit of 1429?
9
What is the tens digit of 10726?
2
What is the hundreds digit of 3721?
7
What is the units digit of 1489?
9
What is the ten thousands digit of 25143?
2
What is the thousands digit of 47998?
7
What is the hundreds digit of 714?
7
What is the ten thousands digit of 13621?
1
What is the units digit of 15207?
7
What is the hundreds digit of 7641?
6
What is the tens digit of 9116?
1
What is the ten thousands digit of 55529?
5
What is the hundreds digit of 5199?
1
What is the tens digit of 70?
7
What is the hundreds digit of 1344?
3
What is the thousands digit of 4342?
4
What is the tens digit of 57201?
0
What is the tens digit of 1073?
7
What is the units digit of 4875?
5
What is the tens digit of 855?
5
What is the tens digit of 7215?
1
What is the units digit of 7708?
8
What is the thousands digit of 18491?
8
What is the units digit of 177?
7
What is the hundreds digit of 9395?
3
What is the tens digit of 908?
0
What is the units digit of 681?
1
What is the units digit of 4174?
4
What is the units digit of 635?
5
What is the hundreds digit of 2784?
7
What is the hundreds digit of 1429?
4
What is the ten thousands digit of 186592?
8
What is the hundreds digit of 2449?
4
What is the hundreds digit of 12742?
7
What is the units digit of 1878?
8
What is the units digit of 11756?
6
What is the tens digit of 187?
8
What is the hundreds digit of 923?
9
What is the units digit of 44176?
6
What is the hundreds digit of 391?
3
What is the units digit of 2468?
8
What is the thousands digit of 2897?
2
What is the tens digit of 737?
3
What is the tens digit of 15381?
8
What is the units digit of 4965?
5
What is the units digit of 1339?
9
What is the thousands digit of 39995?
9
What is the units digit of 1055?
5
What is the thousands digit of 109910?
9
What is the units digit of 20729?
9
What is the tens digit of 12791?
9
What is the thousands digit of 11969?
1
What is the thousands digit of 4882?
4
What is the units digit of 134168?
8
What is the tens digit of 14761?
6
What is the tens digit of 43887?
8
What is the ten thousands digit of 16738?
1
What is the tens digit of 86435?
3
What is the tens digit of 4197?
9
What is the hundreds digit of 1791?
7
What is the thousands digit of 50866?
0
What is the hundreds digit of 3236?
2
What is the tens digit of 1133?
3
What is the units digit of 1314?
4
What is the hundreds digit of 65849?
8
What is the hundreds digit of 25846?
8
What is the tens digit of 167?
6
What is the units digit of 986?
6
What is the hundreds digit of 1240?
2
What is the hundreds digit of 936?
9
What is the thousands digit of 1893?
1
What is the tens digit of 4111?
1
What is the units digit of 5260?
0
What is the hundreds digit of 26025?
0
What is the hundreds digit of 948?
9
What is the units digit of 1220?
0
What is the units digit of 46335?
5
What is the thousands digit of 7172?
7
What is the tens digit of 2356?
5
What is the tens digit of 5909?
0
What is the tens digit of 3260?
6
What is the thousands digit of 10112?
0
What is the tens digit of 2662?
6
What is the units digit of 6788?
8
What is the ten thousands digit of 19168?
1
What is the thousands digit of 2524?
2
What is the tens digit of 2103?
0
What is the units digit of 113926?
6
What is the hundreds digit of 4488?
4
What is the tens digit of 218?
1
What is the tens digit of 50049?
4
What is the hundreds digit of 215?
2
What is the ten thousands digit of 85090?
8
What is the hundreds digit of 872?
8
What is the thousands digit of 20418?
0
What is the tens digit of 2005?
0
What is the hundreds digit of 602?
6
What is the thousands digit of 2915?
2
What is the hundreds digit of 32806?
8
What is the hundreds digit of 501?
5
What is the hundreds digit of 20012?
0
What is the hundred thousands digit of 173910?
1
What is the hundreds digit of 11441?
4
What is the units digit of 246?
6
What is the ten thousands digit of 73950?
7
What is the units digit of 22950?
0
What is the thousands digit of 3780?
3
What is the hundreds digit of 3230?
2
What is the hundreds digit of 27721?
7
What is the hundreds digit of 3301?
3
What is the thousands digit of 64282?
4
What is the ten thousands digit of 46718?
4
What is the hundreds digit of 1917?
9
What is the hundreds digit of 9997?
9
What is the units digit of 2457?
7
What is the tens digit of 7782?
8
What is the ten thousands digit of 29959?
2
What is the tens digit of 1299?
9
What is the tens digit of 50162?
6
What is the thousands digit of 36615?
6
What is the hundreds digit of 1160?
1
What is the thousands digit of 8033?
8
What is the hundreds digit of 5785?
7
What is the thousands digit of 8749?
8
What is the units digit of 2741?
1
What is the thousands digit of 37131?
7
What is the thousands digit of 3624?
3
What is the thousands digit of 4594?
4
What is the thousands digit of 104704?
4
What is the thousands digit of 118719?
8
What is the ten thousands digit of 69357?
6
What is the tens digit of 1635?
3
What is the thousands digit of 76507?
6
What is the hundreds digit of 1395?
3
What is the thousands digit of 1591?
1
What is the thousands digit of 11523?
1
What is the hundreds digit of 726?
7
What is the hundreds digit of 191?
1
What is the thousands digit of 46232?
6
What is the tens digit of 18892?
9
What is the tens digit of 877?
7
What is the tens digit of 3752?
5
What is the thousands digit of 7074?
7
What is the tens digit of 6465?
6
What is the units digit of 2?
2
What is the hundred thousands digit of 136727?
1
What is the units digit of 920?
0
What is the hundreds digit of 903?
9
What is the hundreds digit of 2314?
3
What is the hundreds digit of 2893?
8
What is the tens digit of 117596?
9
What is the thousands digit of 164089?
4
What is the units digit of 108719?
9
What is the hundreds digit of 1341?
3
What is the units digit of 815?
5
What is the hundreds digit of 197?
1
What is the hundreds digit of 2882?
8
What is the hundreds digit of 39559?
5
What is the units digit of 4383?
3
What is the thousands digit of 2440?
2
What is the hundred thousands digit of 204806?
2
What is the tens digit of 1021?
2
What is the tens digit of 10691?
9
What is the thousands digit of 20570?
0
What is the tens digit of 177?
7
What is the thousands digit of 45135?
5
What is the tens digit of 729?
2
What is the ten thousands digit of 181419?
8
What is the units digit of 324?
4
What is the thousands digit of 45091?
5
What is the ten thousands digit of 104180?
0
What is the thousands digit of 1007?
1
What is the units digit of 6774?
4
What is the tens digit of 181384?
8
What is the thousands digit of 17359?
7
What is the units digit of 992?
2
What is the tens digit of 6826?
2
What is the units digit of 17240?
0
What is the units digit of 1671?
1
What is the units digit of 12539?
9
What is the tens digit of 20753?
5
What is the units digit of 21783?
3
What is the units digit of 42847?
7
What is the units digit of 902?
2
What is the units digit of 38317?
7
What is the units digit of 17041?
1
What is the tens digit of 2306?
0
What is the tens digit of 61783?
8
What is the tens digit of 75886?
8
What is the units digit of 26936?
6
What is the hundreds digit of 9689?
6
What is the tens digit of 746?
4
What is the thousands digit of 47570?
7
What is the units digit of 48920?
0
What is the units digit of 3014?
4
What is the tens digit o